t of 2549763844?
8
What is the tens digit of 2456119560?
6
What is the tens digit of 20327276?
7
What is the hundred thousands digit of 170407?
1
What is the hundred thousands digit of 858911725?
9
What is the ten thousands digit of 119144813?
4
What is the ten millions digit of 38673743?
3
What is the tens digit of 817341258?
5
What is the ten thousands digit of 256860818?
6
What is the ten thousands digit of 29923179?
2
What is the hundred millions digit of 388384426?
3
What is the hundred millions digit of 466339293?
4
What is the millions digit of 31408750?
1
What is the hundreds digit of 133707477?
4
What is the ten thousands digit of 31118909?
1
What is the hundred millions digit of 574894672?
5
What is the tens digit of 564847439?
3
What is the tens digit of 112655790?
9
What is the tens digit of 529745036?
3
What is the ten thousands digit of 81433895?
3
What is the millions digit of 803928461?
3
What is the ten millions digit of 15849634?
1
What is the ten thousands digit of 36641121?
4
What is the tens digit of 77648871?
7
What is the tens digit of 766771712?
1
What is the ten thousands digit of 1869144401?
4
What is the ten millions digit of 16610311?
1
What is the hundred thousands digit of 296484002?
4
What is the millions digit of 41574020?
1
What is the hundred thousands digit of 2567993852?
9
What is the tens digit of 52203897?
9
What is the hundred thousands digit of 326780329?
7
What is the hundreds digit of 2112743901?
9
What is the ten thousands digit of 41258695?
5
What is the thousands digit of 88265566?
5
What is the thousands digit of 98396224?
6
What is the hundred thousands digit of 924982292?
9
What is the ten millions digit of 1094978380?
9
What is the thousands digit of 239164445?
4
What is the hundreds digit of 43630537?
5
What is the units digit of 4386267026?
6
What is the ten thousands digit of 1848812932?
1
What is the hundred thousands digit of 1445426299?
4
What is the tens digit of 138904573?
7
What is the hundred thousands digit of 454101245?
1
What is the thousands digit of 39994163?
4
What is the hundreds digit of 1102985118?
1
What is the tens digit of 975400255?
5
What is the ten millions digit of 1273655385?
7
What is the hundreds digit of 935379154?
1
What is the hundred thousands digit of 960715081?
7
What is the billions digit of 1910797888?
1
What is the tens digit of 733665506?
0
What is the ten thousands digit of 2879440615?
4
What is the hundred millions digit of 108563602?
1
What is the hundreds digit of 76270025?
0
What is the millions digit of 126944586?
6
What is the billions digit of 1190824696?
1
What is the tens digit of 205647?
4
What is the ten thousands digit of 1812228952?
2
What is the hundred thousands digit of 24162470?
1
What is the thousands digit of 148115421?
5
What is the millions digit of 3415521737?
5
What is the hundreds digit of 350843059?
0
What is the ten millions digit of 567599230?
6
What is the millions digit of 79611603?
9
What is the tens digit of 160768498?
9
What is the tens digit of 1383292820?
2
What is the ten millions digit of 119666313?
1
What is the hundred thousands digit of 6742299?
7
What is the millions digit of 2406129052?
6
What is the millions digit of 19067642?
9
What is the thousands digit of 162883150?
3
What is the hundreds digit of 796836659?
6
What is the hundred millions digit of 1610497999?
6
What is the ten millions digit of 57730355?
5
What is the hundred millions digit of 370245979?
3
What is the hundred millions digit of 183949950?
1
What is the ten millions digit of 134181067?
3
What is the ten millions digit of 313494675?
1
What is the hundred thousands digit of 973462643?
4
What is the units digit of 69560629?
9
What is the hundred millions digit of 1557790261?
5
What is the billions digit of 1536293785?
1
What is the ten thousands digit of 29877915?
7
What is the tens digit of 256766998?
9
What is the hundred thousands digit of 1239564344?
5
What is the tens digit of 1370489633?
3
What is the millions digit of 55985910?
5
What is the ten millions digit of 432112178?
3
What is the units digit of 127444913?
3
What is the units digit of 2393136940?
0
What is the hundred millions digit of 465124189?
4
What is the hundred thousands digit of 52187277?
1
What is the units digit of 318510838?
8
What is the hundreds digit of 57934522?
5
What is the tens digit of 62855920?
2
What is the units digit of 497971247?
7
What is the hundreds digit of 8885609?
6
What is the units digit of 2076645407?
7
What is the ten thousands digit of 1186461629?
6
What is the hundreds digit of 613462234?
2
What is the millions digit of 619599289?
9
What is the units digit of 638481857?
7
What is the millions digit of 3793933?
3
What is the thousands digit of 65789033?
9
What is the millions digit of 2391153594?
1
What is the units digit of 61718215?
5
What is the millions digit of 508264379?
8
What is the hundred thousands digit of 17560851?
5
What is the hundred millions digit of 565797763?
5
What is the ten thousands digit of 3744329826?
2
What is the ten millions digit of 113115319?
1
What is the ten millions digit of 232792165?
3
What is the thousands digit of 458549614?
9
What is the hundreds digit of 6328255?
2
What is the units digit of 2737066140?
0
What is the hundreds digit of 210361286?
2
What is the hundred thousands digit of 8043424?
0
What is the ten thousands digit of 278300932?
0
What is the units digit of 2482255047?
7
What is the millions digit of 703926377?
3
What is the ten thousands digit of 16894908?
9
What is the hundreds digit of 36247805?
8
What is the hundreds digit of 1974547316?
3
What is the hundred thousands digit of 3182612057?
6
What is the ten thousands digit of 3016516996?
1
What is the units digit of 494429989?
9
What is the billions digit of 2909930284?
2
What is the ten millions digit of 110254622?
1
What is the ten thousands digit of 592550809?
5
What is the ten thousands digit of 122416794?
1
What is the hundreds digit of 69000909?
9
What is the units digit of 230511803?
3
What is the hundred thousands digit of 67522232?
5
What is the ten thousands digit of 568586025?
8
What is the ten millions digit of 8253415182?
5
What is the tens digit of 11377716?
1
What is the hundreds digit of 762778881?
8
What is the tens digit of 79420505?
0
What is the thousands digit of 2033486092?
6
What is the hundred thousands digit of 1476709064?
7
What is the thousands digit of 78222624?
2
What is the ten thousands digit of 23545912?
4
What is the hundred thousands digit of 602043511?
0
What is the units digit of 968799880?
0
What is the ten thousands digit of 43114385?
1
What is the hundred thousands digit of 20193960?
1
What is the thousands digit of 103323016?
3
What is the ten millions digit of 749830207?
4
What is the units digit of 865129109?
9
What is the hundred thousands digit of 2916152412?
1
What is the hundreds digit of 54627584?
5
What is the hundreds digit of 59392772?
7
What is the hundred thousands digit of 1294310624?
3
What is the hundred thousands digit of 18588067?
5
What is the ten millions digit of 2489063161?
8
What is the ten thousands digit of 184913565?
1
What is the hundred thousands digit of 2718497655?
4
What is the hundred thousands digit of 235023423?
0
What is the units digit of 234683753?
3
What is the units digit of 440520674?
4
What is the hundred millions digit of 1483338268?
4
What is the ten thousands digit of 499728804?
2
What is the ten millions digit of 45578047?
4
What is the units digit of 556489751?
1
What is the tens digit of 72918186?
8
What is the billions digit of 4922251261?
4
What is the hundred millions digit of 363600670?
3
What is the ten millions digit of 1525437860?
2
What is the units digit of 14792133?
3
What is the ten millions digit of 1574253387?
7
What is the units digit of 26828846?
6
What is the units digit of 2173323796?
6
What is the units digit of 2834465716?
6
What is the ten thousands digit of 133822644?
2
What is the units digit of 5947638?
8
What is the hundred millions digit of 197203653?
1
What is the ten thousands digit of 27975084?
7
What is the thousands digit of 129486446?
6
What is the hundred thousands digit of 40391897?
3
What is the hundred thousands digit of 59